{"id":2080,"date":"2021-01-06T23:52:35","date_gmt":"2021-01-06T22:52:35","guid":{"rendered":"http:\/\/pelnapara.pl\/?page_id=2080"},"modified":"2021-01-06T23:54:08","modified_gmt":"2021-01-06T22:54:08","slug":"oswiadczenie-cookies","status":"publish","type":"page","link":"https:\/\/pelnapara.pl\/index.php\/oswiadczenie-cookies\/","title":{"rendered":"O\u015bwiadczenie cookies"},"content":{"rendered":"<h1 class=\"font_0\">O\u015bwiadczenie dotycz\u0105ce plik\u00f3w cookies<\/h1>\n<p class=\"font_8\">\nNasza strona internetowa\u00a0wykorzystuje pliki cookies, skrypty i sygna\u0142y nawigacyjne. Poni\u017cszy dokument zawiera informacje dotycz\u0105ce sposobu wykorzystywania powy\u017cszych technologii przez nasz\u0105 stron\u0119 internetow\u0105. Wszelkie odniesienia do plik\u00f3w cookies w dalszej cz\u0119\u015bci niniejszego o\u015bwiadczenia obejmuj\u0105 r\u00f3wnie\u017c skrypty i sygna\u0142y nawigacyjne.<\/p>\n<p class=\"font_8\">\n<p class=\"font_8\">\n<h2 class=\"font_2\">Czym s\u0105 pliki cookies?<\/h2>\n<p class=\"font_8\">Pliki cookies to proste, niedu\u017cych rozmiar\u00f3w pliki\/dane informatyczne wysy\u0142ane wraz z podstronami niniejszej strony internetowej i przechowywane na dysku twardym komputera danego u\u017cytkownika przez przegl\u0105dark\u0119 internetow\u0105 w celu poprawnego korzystania z naszej strony internetowej. Informacje przechowywane w plikach cookies mog\u0105 by\u0107 wysy\u0142ane z powrotem na nasze serwery podczas kolejnej wizyty u\u017cytkownika lub przekazywane w\u0142a\u015bciwym osobom trzecim. Cookies zazwyczaj zawieraj\u0105 nazw\u0119 strony internetowej, z kt\u00f3rej pochodz\u0105, czas przechowywania ich na urz\u0105dzeniu ko\u0144cowym oraz unikalny numer.<\/p>\n<p class=\"font_8\">\n<h2 class=\"font_2\">Czym s\u0105 skrypty?<\/h2>\n<p class=\"font_8\">Skrypty to fragmenty kodu \u017ar\u00f3d\u0142owego, kt\u00f3re wykorzystujemy na naszej stronie internetowej dla jej prawid\u0142owej pracy i interaktywno\u015bci. Kod ten jest wykonywany na naszym serwerze lub w systemie u\u017cytkownika.<\/p>\n<p class=\"font_8\">\n<h2 class=\"font_2\">Czym s\u0105 sygna\u0142y nawigacyjne?<\/h2>\n<p class=\"font_8\">Sygna\u0142y nawigacyjne to niewielkich rozmiar\u00f3w, niewidoczne fragmenty tekstu lub obrazu na stronie internetowej, wykorzystywane do wychwytywania ruchu sieciowego. R\u00f3\u017cnego rodzaju dane s\u0105 przechowywane w tym celu przy pomocy sygna\u0142\u00f3w nawigacyjnych.<\/p>\n<p class=\"font_8\">\n<h2 class=\"font_2\">Czym s\u0105 logi serwera<\/h2>\n<p class=\"font_8\">Korzystanie ze strony wi\u0105\u017ce si\u0119 z\u00a0przesy\u0142aniem zapyta\u0144 do serwera, na kt\u00f3rym przechowywana jest strona. Ka\u017cde zapytanie skierowane do serwera zapisywane jest w\u00a0logach serwera.<\/p>\n<p class=\"font_8\">Logi obejmuj\u0105 m.in. Tw\u00f3j adres IP, dat\u0119 i\u00a0czas serwera, informacje o\u00a0przegl\u0105darce internetowej i\u00a0systemie operacyjnym z\u00a0jakiego korzystasz. Logi zapisywane i\u00a0przechowywane s\u0105 na serwerze.<\/p>\n<p class=\"font_8\">Dane zapisane w\u00a0logach serwera nie s\u0105 kojarzone z\u00a0konkretnymi osobami korzystaj\u0105cymi ze strony i\u00a0nie s\u0105 wykorzystywane w\u00a0celu Twojej identyfikacji.<\/p>\n<p class=\"font_8\">Logi serwera stanowi\u0105 wy\u0142\u0105cznie materia\u0142 pomocniczy s\u0142u\u017c\u0105cy do administrowania stron\u0105 a\u00a0ich zawarto\u015b\u0107 nie jest ujawniana nikomu poza osobami upowa\u017cnionymi do administrowania serwerem.<\/p>\n<p class=\"font_8\">\n<p class=\"font_8\">\n<h2 class=\"font_2\">Funkcjonalne pliki cookies<\/h2>\n<p class=\"font_8\">Funkcjonalne pliki cookies umo\u017cliwiaj\u0105 prawid\u0142owe dzia\u0142anie poszczeg\u00f3lnych element\u00f3w strony internetowej oraz dostosowanie strony internetowej do preferencji u\u017cytkownika. Pliki cookies wykorzystywane s\u0105 na przyk\u0142ad do prawid\u0142owego ustawienia czcionek i j\u0119zyka, do przechowywania sesji u\u017cytkownika na serwerze WWW w celu umo\u017cliwienia u\u017cytkownikowi przegl\u0105dania strony internetowej oraz do przechowywania zawarto\u015bci koszyka u\u017cytkownika i ostatnio otwartego adresu. Wszystkie te funkcjonalno\u015bci nie dzia\u0142a\u0142yby bez plik\u00f3w cookies.<\/p>\n<p class=\"font_8\">\n<p class=\"font_8\">\n<h2 class=\"font_2\">Odsy\u0142acze do serwis\u00f3w spo\u0142eczno\u015bciowych<\/h2>\n<p class=\"font_8\">Na naszej stronie internetowej znajduj\u0105 si\u0119 odsy\u0142acze do stron internetowych pozwalaj\u0105cych na promowanie (\u201eLubi\u0119 to\u201d) lub udost\u0119pnianie tre\u015bci w takich serwisach, jak Facebook, Instagram, Google+. Przyciski te dzia\u0142aj\u0105, u\u017cywaj\u0105c fragment\u00f3w kodu pochodz\u0105cych z serwis\u00f3w Facebook, Instagram i Google+. Pliki cookies umieszczane s\u0105 przy pomocy tego kodu. Spos\u00f3b wykorzystywania Twoich danych osobowych i innych danych przetwarzanych za po\u015brednictwem plik\u00f3w cookies okre\u015blony jest w politykach prywatno\u015bci serwis\u00f3w\u00a0Facebook,\u00a0Instagram,\u00a0Google (podlegaj\u0105cych regularnym aktualizacjom).<\/p>\n<p class=\"font_8\">\n<p class=\"font_8\">Gromadzone informacje s\u0105 zanonimizowane w najszerszym mo\u017cliwym zakresie. Informacje s\u0105 przekazywane i zapisywane przez serwisy Instagram, Facebook, Google+ na serwerach znajduj\u0105cych si\u0119 w Stanach Zjednoczonych Ameryki. Powy\u017csze serwisy o\u015bwiadczaj\u0105, \u017ce do przetwarzania jakichkolwiek danych osobowych stosuje si\u0119 odpowiedni poziom ochrony.<\/p>\n<p class=\"font_8\">\n<h2 class=\"font_2\">Aktywacja, dezaktywacja i usuwanie plik\u00f3w cookies<\/h2>\n<p class=\"font_8\">Zgoda na cookies.\u00a0Podczas pierwszej wizyty na stronie wy\u015bwietlana jest Ci informacja na temat stosowania plik\u00f3w cookies. Zaakceptowanie i\u00a0zamkni\u0119cie tej informacji oznacza, \u017ce wyra\u017casz zgod\u0119 na wykorzystywanie plik\u00f3w cookies zgodnie z\u00a0postanowieniami niniejszej polityki prywatno\u015bci. Zgod\u0119 zawsze mo\u017cesz wycofa\u0107, usuwaj\u0105c pliki cookies oraz zmieniaj\u0105c ustawienia plik\u00f3w cookies w\u00a0Twojej przegl\u0105darce. Pami\u0119taj jednak, \u017ce wy\u0142\u0105czenie plik\u00f3w cookies mo\u017ce powodowa\u0107 trudno\u015bci w\u00a0korzystaniu ze strony, jak r\u00f3wnie\u017c z\u00a0wielu innych stron internetowych, kt\u00f3re stosuj\u0105 cookies.<\/p>\n<p class=\"font_8\">Mo\u017cesz w dowolnej chwili dezaktywowa\u0107 lub ograniczy\u0107 zakres zbieranych przez nas plik\u00f3w cookies. Nale\u017cy jednak pami\u0119ta\u0107, \u017ce nasza strona internetowa mo\u017ce wtedy przesta\u0107 dzia\u0142a\u0107 w spos\u00f3b optymalny.<\/p>\n<p class=\"font_8\">\n<p class=\"font_8\">Dodatkowe informacje dotycz\u0105ce aktywacji, dezaktywacji i usuwania plik\u00f3w cookies znajduj\u0105 si\u0119 w instrukcji u\u017cytkowania danej przegl\u0105darki internetowej lub w jej dziale Pomoc.<\/p>\n","protected":false},"excerpt":{"rendered":"<p>O\u015bwiadczenie dotycz\u0105ce plik\u00f3w cookies Nasza strona internetowa\u00a0wykorzystuje pliki cookies, skrypty i sygna\u0142y nawigacyjne. Poni\u017cszy dokument zawiera informacje dotycz\u0105ce sposobu wykorzystywania powy\u017cszych technologii przez nasz\u0105 stron\u0119 [&hellip;]<\/p>\n","protected":false},"author":1,"featured_media":0,"parent":0,"menu_order":0,"comment_status":"closed","ping_status":"closed","template":"","meta":{"novablocks_hero_scroll_indicator":false,"novablocks_hero_position_indicators":false,"ngg_post_thumbnail":0,"footnotes":""},"class_list":["post-2080","page","type-page","status-publish","hentry"],"yoast_head":"<!-- This site is optimized with the Yoast SEO plugin v26.8 - https:\/\/yoast.com\/product\/yoast-seo-wordpress\/ -->\n<title>O\u015bwiadczenie cookies &#8902; Restauracja Pe\u0142n\u0105 Par\u0105<\/title>\n<meta name=\"robots\" content=\"index, follow, max-snippet:-1, max-image-preview:large, max-video-preview:-1\" \/>\n<link rel=\"canonical\" href=\"https:\/\/pelnapara.pl\/index.php\/oswiadczenie-cookies\/\" \/>\n<meta property=\"og:locale\" content=\"pl_PL\" \/>\n<meta property=\"og:type\" content=\"article\" \/>\n<meta property=\"og:title\" content=\"O\u015bwiadczenie cookies &#8902; Restauracja Pe\u0142n\u0105 Par\u0105\" \/>\n<meta property=\"og:description\" content=\"O\u015bwiadczenie dotycz\u0105ce plik\u00f3w cookies Nasza strona internetowa\u00a0wykorzystuje pliki cookies, skrypty i sygna\u0142y nawigacyjne. Poni\u017cszy dokument zawiera informacje dotycz\u0105ce sposobu wykorzystywania powy\u017cszych technologii przez nasz\u0105 stron\u0119 [&hellip;]\" \/>\n<meta property=\"og:url\" content=\"https:\/\/pelnapara.pl\/index.php\/oswiadczenie-cookies\/\" \/>\n<meta property=\"og:site_name\" content=\"Restauracja Pe\u0142n\u0105 Par\u0105\" \/>\n<meta property=\"article:publisher\" content=\"https:\/\/www.facebook.com\/pelnaparananowo\" \/>\n<meta property=\"article:modified_time\" content=\"2021-01-06T22:54:08+00:00\" \/>\n<meta name=\"twitter:card\" content=\"summary_large_image\" \/>\n<meta name=\"twitter:label1\" content=\"Szacowany czas czytania\" \/>\n\t<meta name=\"twitter:data1\" content=\"4 minuty\" \/>\n<script type=\"application\/ld+json\" class=\"yoast-schema-graph\">{\"@context\":\"https:\/\/schema.org\",\"@graph\":[{\"@type\":\"WebPage\",\"@id\":\"https:\/\/pelnapara.pl\/index.php\/oswiadczenie-cookies\/\",\"url\":\"https:\/\/pelnapara.pl\/index.php\/oswiadczenie-cookies\/\",\"name\":\"O\u015bwiadczenie cookies &#8902; Restauracja Pe\u0142n\u0105 Par\u0105\",\"isPartOf\":{\"@id\":\"https:\/\/pelnapara.pl\/#website\"},\"datePublished\":\"2021-01-06T22:52:35+00:00\",\"dateModified\":\"2021-01-06T22:54:08+00:00\",\"breadcrumb\":{\"@id\":\"https:\/\/pelnapara.pl\/index.php\/oswiadczenie-cookies\/#breadcrumb\"},\"inLanguage\":\"pl-PL\",\"potentialAction\":[{\"@type\":\"ReadAction\",\"target\":[\"https:\/\/pelnapara.pl\/index.php\/oswiadczenie-cookies\/\"]}]},{\"@type\":\"BreadcrumbList\",\"@id\":\"https:\/\/pelnapara.pl\/index.php\/oswiadczenie-cookies\/#breadcrumb\",\"itemListElement\":[{\"@type\":\"ListItem\",\"position\":1,\"name\":\"Strona g\u0142\u00f3wna\",\"item\":\"https:\/\/pelnapara.pl\/\"},{\"@type\":\"ListItem\",\"position\":2,\"name\":\"O\u015bwiadczenie cookies\"}]},{\"@type\":\"WebSite\",\"@id\":\"https:\/\/pelnapara.pl\/#website\",\"url\":\"https:\/\/pelnapara.pl\/\",\"name\":\"Restauracja Pe\u0142n\u0105 Par\u0105\",\"description\":\"Zapraszamy do azjatyckiej restauracji Pe\u0142n\u0105 Par\u0105\",\"publisher\":{\"@id\":\"https:\/\/pelnapara.pl\/#organization\"},\"potentialAction\":[{\"@type\":\"SearchAction\",\"target\":{\"@type\":\"EntryPoint\",\"urlTemplate\":\"https:\/\/pelnapara.pl\/?s={search_term_string}\"},\"query-input\":{\"@type\":\"PropertyValueSpecification\",\"valueRequired\":true,\"valueName\":\"search_term_string\"}}],\"inLanguage\":\"pl-PL\"},{\"@type\":\"Organization\",\"@id\":\"https:\/\/pelnapara.pl\/#organization\",\"name\":\"Pelna Para\",\"url\":\"https:\/\/pelnapara.pl\/\",\"logo\":{\"@type\":\"ImageObject\",\"inLanguage\":\"pl-PL\",\"@id\":\"https:\/\/pelnapara.pl\/#\/schema\/logo\/image\/\",\"url\":\"https:\/\/pelnapara.pl\/wp-content\/uploads\/2021\/01\/cropped-PelnaPara_ICO.jpg\",\"contentUrl\":\"https:\/\/pelnapara.pl\/wp-content\/uploads\/2021\/01\/cropped-PelnaPara_ICO.jpg\",\"width\":512,\"height\":512,\"caption\":\"Pelna Para\"},\"image\":{\"@id\":\"https:\/\/pelnapara.pl\/#\/schema\/logo\/image\/\"},\"sameAs\":[\"https:\/\/www.facebook.com\/pelnaparananowo\",\"https:\/\/www.instagram.com\/pelna.para\/\"]}]}<\/script>\n<!-- \/ Yoast SEO plugin. -->","yoast_head_json":{"title":"O\u015bwiadczenie cookies &#8902; Restauracja Pe\u0142n\u0105 Par\u0105","robots":{"index":"index","follow":"follow","max-snippet":"max-snippet:-1","max-image-preview":"max-image-preview:large","max-video-preview":"max-video-preview:-1"},"canonical":"https:\/\/pelnapara.pl\/index.php\/oswiadczenie-cookies\/","og_locale":"pl_PL","og_type":"article","og_title":"O\u015bwiadczenie cookies &#8902; Restauracja Pe\u0142n\u0105 Par\u0105","og_description":"O\u015bwiadczenie dotycz\u0105ce plik\u00f3w cookies Nasza strona internetowa\u00a0wykorzystuje pliki cookies, skrypty i sygna\u0142y nawigacyjne. Poni\u017cszy dokument zawiera informacje dotycz\u0105ce sposobu wykorzystywania powy\u017cszych technologii przez nasz\u0105 stron\u0119 [&hellip;]","og_url":"https:\/\/pelnapara.pl\/index.php\/oswiadczenie-cookies\/","og_site_name":"Restauracja Pe\u0142n\u0105 Par\u0105","article_publisher":"https:\/\/www.facebook.com\/pelnaparananowo","article_modified_time":"2021-01-06T22:54:08+00:00","twitter_card":"summary_large_image","twitter_misc":{"Szacowany czas czytania":"4 minuty"},"schema":{"@context":"https:\/\/schema.org","@graph":[{"@type":"WebPage","@id":"https:\/\/pelnapara.pl\/index.php\/oswiadczenie-cookies\/","url":"https:\/\/pelnapara.pl\/index.php\/oswiadczenie-cookies\/","name":"O\u015bwiadczenie cookies &#8902; Restauracja Pe\u0142n\u0105 Par\u0105","isPartOf":{"@id":"https:\/\/pelnapara.pl\/#website"},"datePublished":"2021-01-06T22:52:35+00:00","dateModified":"2021-01-06T22:54:08+00:00","breadcrumb":{"@id":"https:\/\/pelnapara.pl\/index.php\/oswiadczenie-cookies\/#breadcrumb"},"inLanguage":"pl-PL","potentialAction":[{"@type":"ReadAction","target":["https:\/\/pelnapara.pl\/index.php\/oswiadczenie-cookies\/"]}]},{"@type":"BreadcrumbList","@id":"https:\/\/pelnapara.pl\/index.php\/oswiadczenie-cookies\/#breadcrumb","itemListElement":[{"@type":"ListItem","position":1,"name":"Strona g\u0142\u00f3wna","item":"https:\/\/pelnapara.pl\/"},{"@type":"ListItem","position":2,"name":"O\u015bwiadczenie cookies"}]},{"@type":"WebSite","@id":"https:\/\/pelnapara.pl\/#website","url":"https:\/\/pelnapara.pl\/","name":"Restauracja Pe\u0142n\u0105 Par\u0105","description":"Zapraszamy do azjatyckiej restauracji Pe\u0142n\u0105 Par\u0105","publisher":{"@id":"https:\/\/pelnapara.pl\/#organization"},"potentialAction":[{"@type":"SearchAction","target":{"@type":"EntryPoint","urlTemplate":"https:\/\/pelnapara.pl\/?s={search_term_string}"},"query-input":{"@type":"PropertyValueSpecification","valueRequired":true,"valueName":"search_term_string"}}],"inLanguage":"pl-PL"},{"@type":"Organization","@id":"https:\/\/pelnapara.pl\/#organization","name":"Pelna Para","url":"https:\/\/pelnapara.pl\/","logo":{"@type":"ImageObject","inLanguage":"pl-PL","@id":"https:\/\/pelnapara.pl\/#\/schema\/logo\/image\/","url":"https:\/\/pelnapara.pl\/wp-content\/uploads\/2021\/01\/cropped-PelnaPara_ICO.jpg","contentUrl":"https:\/\/pelnapara.pl\/wp-content\/uploads\/2021\/01\/cropped-PelnaPara_ICO.jpg","width":512,"height":512,"caption":"Pelna Para"},"image":{"@id":"https:\/\/pelnapara.pl\/#\/schema\/logo\/image\/"},"sameAs":["https:\/\/www.facebook.com\/pelnaparananowo","https:\/\/www.instagram.com\/pelna.para\/"]}]}},"_links":{"self":[{"href":"https:\/\/pelnapara.pl\/index.php\/wp-json\/wp\/v2\/pages\/2080","targetHints":{"allow":["GET"]}}],"collection":[{"href":"https:\/\/pelnapara.pl\/index.php\/wp-json\/wp\/v2\/pages"}],"about":[{"href":"https:\/\/pelnapara.pl\/index.php\/wp-json\/wp\/v2\/types\/page"}],"author":[{"embeddable":true,"href":"https:\/\/pelnapara.pl\/index.php\/wp-json\/wp\/v2\/users\/1"}],"replies":[{"embeddable":true,"href":"https:\/\/pelnapara.pl\/index.php\/wp-json\/wp\/v2\/comments?post=2080"}],"version-history":[{"count":2,"href":"https:\/\/pelnapara.pl\/index.php\/wp-json\/wp\/v2\/pages\/2080\/revisions"}],"predecessor-version":[{"id":2082,"href":"https:\/\/pelnapara.pl\/index.php\/wp-json\/wp\/v2\/pages\/2080\/revisions\/2082"}],"wp:attachment":[{"href":"https:\/\/pelnapara.pl\/index.php\/wp-json\/wp\/v2\/media?parent=2080"}],"curies":[{"name":"wp","href":"https:\/\/api.w.org\/{rel}","templated":true}]}}