{"id":1895,"date":"2021-01-01T22:32:58","date_gmt":"2021-01-01T21:32:58","guid":{"rendered":"http:\/\/pelnapara.pl\/?page_id=1895"},"modified":"2024-12-18T09:17:42","modified_gmt":"2024-12-18T08:17:42","slug":"bony-podarunkowe","status":"publish","type":"page","link":"https:\/\/pelnapara.pl\/index.php\/bony-podarunkowe\/","title":{"rendered":"Bony podarunkowe"},"content":{"rendered":"\n\t\t<div \t\t\tclass=\"novablocks-hero novablocks-doppler alignfull novablocks-u-valign-center novablocks-u-halign-center novablocks-u-background novablocks-u-background-dark sm-palette-1 sm-variation-12 scrolling-effect-parallax\"\n\t\t\tstyle=\"--novablocks-block-top-spacing: 1; --novablocks-block-bottom-spacing: 0; --novablocks-emphasis-top-spacing: 0; --novablocks-emphasis-bottom-spacing: 0; --novablocks-hero-text-color: #FFF;min-height: calc(66* var(--novablocks-1vh, 1vh)); \"\n\t\t\tdata-min-height-fallback='66' data-defaults-generated='1' data-block-index='0' data-overlay-filter-strength='20' data-scroll-indicator='' data-position-indicators='1' data-template-inserted='' data-display-inner-content='1' data-palette='1' data-palette-variation='12' data-use-source-color-as-reference='' data-color-signal='3' data-content-color-signal='0' data-content-position='center center' data-focal-point='{&quot;x&quot;:0.5,&quot;y&quot;:0.5}' data-final-focal-point='{&quot;x&quot;:0.5,&quot;y&quot;:0.5}' data-initial-background-scale='1' data-final-background-scale='1' data-scroll-indicator-block='' data-scrolling-effect='parallax' data-motion-preset='standard-dynamic' data-follow-through-start='1' data-follow-through-end='1' data-content-color='#FFF' data-overlay-filter-style='dark' data-emphasis-by-space='1' data-enable-overlapping='' data-block-top-spacing='1' data-block-bottom-spacing='0' data-emphasis-top-spacing='0' data-emphasis-bottom-spacing='0' data-anchor=''\t\t>\n\n\t\t\t\n\t\t\t<div class=\"novablocks-doppler__mask  novablocks-doppler__wrapper\">\n\t\t\t\t<img decoding=\"async\" width=\"1667\" height=\"2500\" data-src=\"https:\/\/pelnapara.pl\/wp-content\/uploads\/2024\/12\/DJL1013.jpg\" class=\"novablocks-hero__media  novablocks-doppler__target lazyload\" alt=\"\" style=\"--smush-placeholder-width: 1667px; --smush-placeholder-aspect-ratio: 1667\/2500;object-position: 50% 50%;opacity: 0.8;\" data-srcset=\"https:\/\/pelnapara.pl\/wp-content\/uploads\/2024\/12\/DJL1013.jpg 1667w, https:\/\/pelnapara.pl\/wp-content\/uploads\/2024\/12\/DJL1013-200x300.jpg 200w, https:\/\/pelnapara.pl\/wp-content\/uploads\/2024\/12\/DJL1013-683x1024.jpg 683w, https:\/\/pelnapara.pl\/wp-content\/uploads\/2024\/12\/DJL1013-768x1152.jpg 768w, https:\/\/pelnapara.pl\/wp-content\/uploads\/2024\/12\/DJL1013-1024x1536.jpg 1024w, https:\/\/pelnapara.pl\/wp-content\/uploads\/2024\/12\/DJL1013-1366x2048.jpg 1366w, https:\/\/pelnapara.pl\/wp-content\/uploads\/2024\/12\/DJL1013-167x250.jpg 167w, https:\/\/pelnapara.pl\/wp-content\/uploads\/2024\/12\/DJL1013-911x1366.jpg 911w, https:\/\/pelnapara.pl\/wp-content\/uploads\/2024\/12\/DJL1013-512x768.jpg 512w, https:\/\/pelnapara.pl\/wp-content\/uploads\/2024\/12\/DJL1013-320x480.jpg 320w\" data-sizes=\"(max-width: 1667px) 100vw, 1667px\" src=\"data:image\/svg+xml;base64,PHN2ZyB3aWR0aD0iMSIgaGVpZ2h0PSIxIiB4bWxucz0iaHR0cDovL3d3dy53My5vcmcvMjAwMC9zdmciPjwvc3ZnPg==\" \/>\n\t\t\t\t\t\t\t<\/div>\n            <div class=\"novablocks-hero__foreground novablocks-doppler__foreground novablocks-u-content-padding novablocks-u-content-align\" style=\"min-height: calc(66 * var(--novablocks-1vh, 1vh)); \">\n                <div class=\"novablocks-hero__inner-container wp-block-group__inner-container novablocks-u-content-width\" style=\"\">\n\t\t\t\t\t\n\n<div class=\"wp-block-group alignwide sm-palette-1 sm-color-signal-0\" style=\"--novablocks-emphasis-top-spacing:0;--novablocks-emphasis-bottom-spacing:0;--novablocks-block-top-spacing:1;--novablocks-block-bottom-spacing:0;--novablocks-block-zindex:0\" data-palette=\"1\" data-palette-variation=\"11\" data-color-signal=\"0\"><div class=\"wp-block-group__inner-container is-layout-flow wp-block-group-is-layout-flow\">\n<h3 class=\"wp-block-novablocks-headline c-headline has-text-align-center has-larger-font-size\"><span class=\"c-headline__secondary\">Vouchery<\/span> <span class=\"c-headline__primary\">Podarunkowe<\/span><\/h3>\n\n\n\n<p class=\"has-text-align-center\"><\/p>\n<\/div><\/div>\n\n                <\/div>\n\t\t\t\t            <\/div>\n\n\t\t\t\n        <\/div>\n\n\t\t\n\n\n<div class=\"wp-block-columns alignwide is-layout-flex wp-container-core-columns-is-layout-1 wp-block-columns-is-layout-flex\">\n<div class=\"wp-block-column is-layout-flow wp-block-column-is-layout-flow\">\n<h4 class=\"has-sm-color-primary-color has-text-color has-normal-font-size wp-block-heading\">Voucher<\/h4>\n\n\n\n<p class=\"is-style-lead\">Idealny pomys\u0142 na prezent!<\/p>\n\n\n\n<p>Voucher mo\u017cesz kupi\u0107 w par\u0119 minut nie wychodz\u0105c z domu, a my wy\u015blemy go na Twojego maila. Je\u015bli jednak wolisz tradycyjn\u0105 form\u0119, zapraszamy do jednej z naszych restauracji, gdzie od r\u0119ki przygotujemy bon na wybran\u0105 przez Ciebie kwot\u0119.<\/p>\n\n\n\n<p><\/p>\n\n\n\n<p>Jest to doskona\u0142y pomys\u0142 na prezent zar\u00f3wno dla os\u00f3b, kt\u00f3re kochaj\u0105 kuchni\u0119 azjatyck\u0105, jak i dla tych kt\u00f3re jeszcze jej nie znaj\u0105.<\/p>\n\n\n\n<p>Voucher mo\u017cna wykorzysta\u0107 w ka\u017cdej z naszych lokalizacji okazuj\u0105c go po zako\u0144czonym posi\u0142ku. Czy to nie brzmi jak prezent idealny?<\/p>\n\n\n\n<p><\/p>\n\n\n\n<p><\/p>\n\n\n\n<p>Jak zakupi\u0107 nasz voucher? Mo\u017cesz zrobi\u0107 to na miejscu w jednym z naszych lokali lub internetowo, wybieraj\u0105c z opcji ,,odbi\u00f3r osobisty&#8221;. Po dokonaniu zakupu bon zostanie przes\u0142any do Ciebie drog\u0105 elektroniczn\u0105.<\/p>\n\n\n\n<div class=\"wp-block-buttons is-layout-flex wp-block-buttons-is-layout-flex\">\n<div class=\"wp-block-button aligncenter\"><a class=\"wp-block-button__link\" href=\"https:\/\/pelna-para.upmenusite.com\/menu#pg-aea780fd-154e-11eb-8682-525400080521\">Kupuj\u0119 voucher internetowo<\/a><\/div>\n<\/div>\n<\/div>\n\n\n\n<div class=\"wp-block-column is-layout-flow wp-block-column-is-layout-flow\">\n<figure class=\"wp-block-image size-large\"><img decoding=\"async\" width=\"824\" height=\"1024\" data-src=\"https:\/\/pelnapara.pl\/wp-content\/uploads\/2022\/07\/restauracja_POWISLE_asian_food-1-824x1024.jpg\" alt=\"\" class=\"wp-image-2775 lazyload\" data-srcset=\"https:\/\/pelnapara.pl\/wp-content\/uploads\/2022\/07\/restauracja_POWISLE_asian_food-1-824x1024.jpg 824w, https:\/\/pelnapara.pl\/wp-content\/uploads\/2022\/07\/restauracja_POWISLE_asian_food-1-242x300.jpg 242w, https:\/\/pelnapara.pl\/wp-content\/uploads\/2022\/07\/restauracja_POWISLE_asian_food-1-768x954.jpg 768w, https:\/\/pelnapara.pl\/wp-content\/uploads\/2022\/07\/restauracja_POWISLE_asian_food-1-1237x1536.jpg 1237w, https:\/\/pelnapara.pl\/wp-content\/uploads\/2022\/07\/restauracja_POWISLE_asian_food-1-1649x2048.jpg 1649w, https:\/\/pelnapara.pl\/wp-content\/uploads\/2022\/07\/restauracja_POWISLE_asian_food-1-201x250.jpg 201w, https:\/\/pelnapara.pl\/wp-content\/uploads\/2022\/07\/restauracja_POWISLE_asian_food-1-1100x1366.jpg 1100w, https:\/\/pelnapara.pl\/wp-content\/uploads\/2022\/07\/restauracja_POWISLE_asian_food-1-618x768.jpg 618w, https:\/\/pelnapara.pl\/wp-content\/uploads\/2022\/07\/restauracja_POWISLE_asian_food-1-386x480.jpg 386w, https:\/\/pelnapara.pl\/wp-content\/uploads\/2022\/07\/restauracja_POWISLE_asian_food-1.jpg 2000w\" data-sizes=\"(max-width: 824px) 100vw, 824px\" src=\"data:image\/svg+xml;base64,PHN2ZyB3aWR0aD0iMSIgaGVpZ2h0PSIxIiB4bWxucz0iaHR0cDovL3d3dy53My5vcmcvMjAwMC9zdmciPjwvc3ZnPg==\" style=\"--smush-placeholder-width: 824px; --smush-placeholder-aspect-ratio: 824\/1024;\" \/><\/figure>\n<\/div>\n<\/div>\n","protected":false},"excerpt":{"rendered":"<p>Voucher Idealny pomys\u0142 na prezent! Voucher mo\u017cesz kupi\u0107 w par\u0119 minut nie wychodz\u0105c z domu, a my wy\u015blemy go na Twojego maila. Je\u015bli jednak wolisz [&hellip;]<\/p>\n","protected":false},"author":1,"featured_media":0,"parent":0,"menu_order":0,"comment_status":"closed","ping_status":"closed","template":"","meta":{"novablocks_hero_scroll_indicator":false,"novablocks_hero_position_indicators":false,"ngg_post_thumbnail":0,"footnotes":""},"class_list":["post-1895","page","type-page","status-publish","hentry"],"yoast_head":"<!-- This site is optimized with the Yoast SEO plugin v26.8 - https:\/\/yoast.com\/product\/yoast-seo-wordpress\/ -->\n<title>Bony podarunkowe &#8902; Restauracja Pe\u0142n\u0105 Par\u0105<\/title>\n<meta name=\"robots\" content=\"index, follow, max-snippet:-1, max-image-preview:large, max-video-preview:-1\" \/>\n<link rel=\"canonical\" href=\"https:\/\/pelnapara.pl\/index.php\/bony-podarunkowe\/\" \/>\n<meta property=\"og:locale\" content=\"pl_PL\" \/>\n<meta property=\"og:type\" content=\"article\" \/>\n<meta property=\"og:title\" content=\"Bony podarunkowe &#8902; Restauracja Pe\u0142n\u0105 Par\u0105\" \/>\n<meta property=\"og:description\" content=\"Voucher Idealny pomys\u0142 na prezent! Voucher mo\u017cesz kupi\u0107 w par\u0119 minut nie wychodz\u0105c z domu, a my wy\u015blemy go na Twojego maila. Je\u015bli jednak wolisz [&hellip;]\" \/>\n<meta property=\"og:url\" content=\"https:\/\/pelnapara.pl\/index.php\/bony-podarunkowe\/\" \/>\n<meta property=\"og:site_name\" content=\"Restauracja Pe\u0142n\u0105 Par\u0105\" \/>\n<meta property=\"article:publisher\" content=\"https:\/\/www.facebook.com\/pelnaparananowo\" \/>\n<meta property=\"article:modified_time\" content=\"2024-12-18T08:17:42+00:00\" \/>\n<meta property=\"og:image\" content=\"https:\/\/pelnapara.pl\/wp-content\/uploads\/2022\/07\/restauracja_POWISLE_asian_food-1-824x1024.jpg\" \/>\n<meta name=\"twitter:card\" content=\"summary_large_image\" \/>\n<meta name=\"twitter:label1\" content=\"Szacowany czas czytania\" \/>\n\t<meta name=\"twitter:data1\" content=\"1 minuta\" \/>\n<script type=\"application\/ld+json\" class=\"yoast-schema-graph\">{\"@context\":\"https:\/\/schema.org\",\"@graph\":[{\"@type\":\"WebPage\",\"@id\":\"https:\/\/pelnapara.pl\/index.php\/bony-podarunkowe\/\",\"url\":\"https:\/\/pelnapara.pl\/index.php\/bony-podarunkowe\/\",\"name\":\"Bony podarunkowe &#8902; Restauracja Pe\u0142n\u0105 Par\u0105\",\"isPartOf\":{\"@id\":\"https:\/\/pelnapara.pl\/#website\"},\"primaryImageOfPage\":{\"@id\":\"https:\/\/pelnapara.pl\/index.php\/bony-podarunkowe\/#primaryimage\"},\"image\":{\"@id\":\"https:\/\/pelnapara.pl\/index.php\/bony-podarunkowe\/#primaryimage\"},\"thumbnailUrl\":\"https:\/\/pelnapara.pl\/wp-content\/uploads\/2022\/07\/restauracja_POWISLE_asian_food-1-824x1024.jpg\",\"datePublished\":\"2021-01-01T21:32:58+00:00\",\"dateModified\":\"2024-12-18T08:17:42+00:00\",\"breadcrumb\":{\"@id\":\"https:\/\/pelnapara.pl\/index.php\/bony-podarunkowe\/#breadcrumb\"},\"inLanguage\":\"pl-PL\",\"potentialAction\":[{\"@type\":\"ReadAction\",\"target\":[\"https:\/\/pelnapara.pl\/index.php\/bony-podarunkowe\/\"]}]},{\"@type\":\"ImageObject\",\"inLanguage\":\"pl-PL\",\"@id\":\"https:\/\/pelnapara.pl\/index.php\/bony-podarunkowe\/#primaryimage\",\"url\":\"https:\/\/pelnapara.pl\/wp-content\/uploads\/2022\/07\/restauracja_POWISLE_asian_food-1.jpg\",\"contentUrl\":\"https:\/\/pelnapara.pl\/wp-content\/uploads\/2022\/07\/restauracja_POWISLE_asian_food-1.jpg\",\"width\":2000,\"height\":2484},{\"@type\":\"BreadcrumbList\",\"@id\":\"https:\/\/pelnapara.pl\/index.php\/bony-podarunkowe\/#breadcrumb\",\"itemListElement\":[{\"@type\":\"ListItem\",\"position\":1,\"name\":\"Strona g\u0142\u00f3wna\",\"item\":\"https:\/\/pelnapara.pl\/\"},{\"@type\":\"ListItem\",\"position\":2,\"name\":\"Bony podarunkowe\"}]},{\"@type\":\"WebSite\",\"@id\":\"https:\/\/pelnapara.pl\/#website\",\"url\":\"https:\/\/pelnapara.pl\/\",\"name\":\"Restauracja Pe\u0142n\u0105 Par\u0105\",\"description\":\"Zapraszamy do azjatyckiej restauracji Pe\u0142n\u0105 Par\u0105\",\"publisher\":{\"@id\":\"https:\/\/pelnapara.pl\/#organization\"},\"potentialAction\":[{\"@type\":\"SearchAction\",\"target\":{\"@type\":\"EntryPoint\",\"urlTemplate\":\"https:\/\/pelnapara.pl\/?s={search_term_string}\"},\"query-input\":{\"@type\":\"PropertyValueSpecification\",\"valueRequired\":true,\"valueName\":\"search_term_string\"}}],\"inLanguage\":\"pl-PL\"},{\"@type\":\"Organization\",\"@id\":\"https:\/\/pelnapara.pl\/#organization\",\"name\":\"Pelna Para\",\"url\":\"https:\/\/pelnapara.pl\/\",\"logo\":{\"@type\":\"ImageObject\",\"inLanguage\":\"pl-PL\",\"@id\":\"https:\/\/pelnapara.pl\/#\/schema\/logo\/image\/\",\"url\":\"https:\/\/pelnapara.pl\/wp-content\/uploads\/2021\/01\/cropped-PelnaPara_ICO.jpg\",\"contentUrl\":\"https:\/\/pelnapara.pl\/wp-content\/uploads\/2021\/01\/cropped-PelnaPara_ICO.jpg\",\"width\":512,\"height\":512,\"caption\":\"Pelna Para\"},\"image\":{\"@id\":\"https:\/\/pelnapara.pl\/#\/schema\/logo\/image\/\"},\"sameAs\":[\"https:\/\/www.facebook.com\/pelnaparananowo\",\"https:\/\/www.instagram.com\/pelna.para\/\"]}]}<\/script>\n<!-- \/ Yoast SEO plugin. -->","yoast_head_json":{"title":"Bony podarunkowe &#8902; Restauracja Pe\u0142n\u0105 Par\u0105","robots":{"index":"index","follow":"follow","max-snippet":"max-snippet:-1","max-image-preview":"max-image-preview:large","max-video-preview":"max-video-preview:-1"},"canonical":"https:\/\/pelnapara.pl\/index.php\/bony-podarunkowe\/","og_locale":"pl_PL","og_type":"article","og_title":"Bony podarunkowe &#8902; Restauracja Pe\u0142n\u0105 Par\u0105","og_description":"Voucher Idealny pomys\u0142 na prezent! Voucher mo\u017cesz kupi\u0107 w par\u0119 minut nie wychodz\u0105c z domu, a my wy\u015blemy go na Twojego maila. Je\u015bli jednak wolisz [&hellip;]","og_url":"https:\/\/pelnapara.pl\/index.php\/bony-podarunkowe\/","og_site_name":"Restauracja Pe\u0142n\u0105 Par\u0105","article_publisher":"https:\/\/www.facebook.com\/pelnaparananowo","article_modified_time":"2024-12-18T08:17:42+00:00","og_image":[{"url":"https:\/\/pelnapara.pl\/wp-content\/uploads\/2022\/07\/restauracja_POWISLE_asian_food-1-824x1024.jpg","type":"","width":"","height":""}],"twitter_card":"summary_large_image","twitter_misc":{"Szacowany czas czytania":"1 minuta"},"schema":{"@context":"https:\/\/schema.org","@graph":[{"@type":"WebPage","@id":"https:\/\/pelnapara.pl\/index.php\/bony-podarunkowe\/","url":"https:\/\/pelnapara.pl\/index.php\/bony-podarunkowe\/","name":"Bony podarunkowe &#8902; Restauracja Pe\u0142n\u0105 Par\u0105","isPartOf":{"@id":"https:\/\/pelnapara.pl\/#website"},"primaryImageOfPage":{"@id":"https:\/\/pelnapara.pl\/index.php\/bony-podarunkowe\/#primaryimage"},"image":{"@id":"https:\/\/pelnapara.pl\/index.php\/bony-podarunkowe\/#primaryimage"},"thumbnailUrl":"https:\/\/pelnapara.pl\/wp-content\/uploads\/2022\/07\/restauracja_POWISLE_asian_food-1-824x1024.jpg","datePublished":"2021-01-01T21:32:58+00:00","dateModified":"2024-12-18T08:17:42+00:00","breadcrumb":{"@id":"https:\/\/pelnapara.pl\/index.php\/bony-podarunkowe\/#breadcrumb"},"inLanguage":"pl-PL","potentialAction":[{"@type":"ReadAction","target":["https:\/\/pelnapara.pl\/index.php\/bony-podarunkowe\/"]}]},{"@type":"ImageObject","inLanguage":"pl-PL","@id":"https:\/\/pelnapara.pl\/index.php\/bony-podarunkowe\/#primaryimage","url":"https:\/\/pelnapara.pl\/wp-content\/uploads\/2022\/07\/restauracja_POWISLE_asian_food-1.jpg","contentUrl":"https:\/\/pelnapara.pl\/wp-content\/uploads\/2022\/07\/restauracja_POWISLE_asian_food-1.jpg","width":2000,"height":2484},{"@type":"BreadcrumbList","@id":"https:\/\/pelnapara.pl\/index.php\/bony-podarunkowe\/#breadcrumb","itemListElement":[{"@type":"ListItem","position":1,"name":"Strona g\u0142\u00f3wna","item":"https:\/\/pelnapara.pl\/"},{"@type":"ListItem","position":2,"name":"Bony podarunkowe"}]},{"@type":"WebSite","@id":"https:\/\/pelnapara.pl\/#website","url":"https:\/\/pelnapara.pl\/","name":"Restauracja Pe\u0142n\u0105 Par\u0105","description":"Zapraszamy do azjatyckiej restauracji Pe\u0142n\u0105 Par\u0105","publisher":{"@id":"https:\/\/pelnapara.pl\/#organization"},"potentialAction":[{"@type":"SearchAction","target":{"@type":"EntryPoint","urlTemplate":"https:\/\/pelnapara.pl\/?s={search_term_string}"},"query-input":{"@type":"PropertyValueSpecification","valueRequired":true,"valueName":"search_term_string"}}],"inLanguage":"pl-PL"},{"@type":"Organization","@id":"https:\/\/pelnapara.pl\/#organization","name":"Pelna Para","url":"https:\/\/pelnapara.pl\/","logo":{"@type":"ImageObject","inLanguage":"pl-PL","@id":"https:\/\/pelnapara.pl\/#\/schema\/logo\/image\/","url":"https:\/\/pelnapara.pl\/wp-content\/uploads\/2021\/01\/cropped-PelnaPara_ICO.jpg","contentUrl":"https:\/\/pelnapara.pl\/wp-content\/uploads\/2021\/01\/cropped-PelnaPara_ICO.jpg","width":512,"height":512,"caption":"Pelna Para"},"image":{"@id":"https:\/\/pelnapara.pl\/#\/schema\/logo\/image\/"},"sameAs":["https:\/\/www.facebook.com\/pelnaparananowo","https:\/\/www.instagram.com\/pelna.para\/"]}]}},"_links":{"self":[{"href":"https:\/\/pelnapara.pl\/index.php\/wp-json\/wp\/v2\/pages\/1895","targetHints":{"allow":["GET"]}}],"collection":[{"href":"https:\/\/pelnapara.pl\/index.php\/wp-json\/wp\/v2\/pages"}],"about":[{"href":"https:\/\/pelnapara.pl\/index.php\/wp-json\/wp\/v2\/types\/page"}],"author":[{"embeddable":true,"href":"https:\/\/pelnapara.pl\/index.php\/wp-json\/wp\/v2\/users\/1"}],"replies":[{"embeddable":true,"href":"https:\/\/pelnapara.pl\/index.php\/wp-json\/wp\/v2\/comments?post=1895"}],"version-history":[{"count":23,"href":"https:\/\/pelnapara.pl\/index.php\/wp-json\/wp\/v2\/pages\/1895\/revisions"}],"predecessor-version":[{"id":4603,"href":"https:\/\/pelnapara.pl\/index.php\/wp-json\/wp\/v2\/pages\/1895\/revisions\/4603"}],"wp:attachment":[{"href":"https:\/\/pelnapara.pl\/index.php\/wp-json\/wp\/v2\/media?parent=1895"}],"curies":[{"name":"wp","href":"https:\/\/api.w.org\/{rel}","templated":true}]}}